{"id":93,"date":"2024-08-01T21:46:55","date_gmt":"2024-08-01T19:46:55","guid":{"rendered":"https:\/\/xn--li-sportsant-meb.com\/?page_id=93"},"modified":"2025-01-16T11:15:44","modified_gmt":"2025-01-16T10:15:44","slug":"sport-en-entreprises","status":"publish","type":"page","link":"https:\/\/xn--li-sportsant-meb.com\/index.php\/sport-en-entreprises\/","title":{"rendered":"Sport en entreprise"},"content":{"rendered":"\n<p>Je propose des s\u00e9ances de sport en entreprise, une initiative qui apporte de nombreux avantages tant aux employ\u00e9s qu&rsquo;aux employeurs. Ces s\u00e9ances de sport sont con\u00e7ues pour am\u00e9liorer la sant\u00e9 physique et mentale des collaborateurs, tout en renfor\u00e7ant la coh\u00e9sion et la motivation au sein de l&rsquo;\u00e9quipe.<\/p>\n\n\n\n<figure class=\"wp-block-gallery has-nested-images columns-default is-cropped wp-block-gallery-1 is-layout-flex wp-block-gallery-is-layout-flex\"><\/figure>\n\n\n\n<div class=\"alignnormal\"><div id=\"metaslider-id-244\" style=\"width: 100%;\" class=\"ml-slider-3-90-0 metaslider metaslider-flex metaslider-244 ml-slider ms-theme-default\" role=\"region\" aria-roledescription=\"Slideshow\" aria-label=\"Sport en entreprise\">\n    <div id=\"metaslider_container_244\">\n        <div id=\"metaslider_244\">\n            <ul class='slides'>\n                <li style=\"display: block; width: 100%;\" class=\"slide-305 ms-image \" aria-roledescription=\"slide\" aria-label=\"slide-305\"><img loading=\"lazy\" decoding=\"async\" src=\"https:\/\/xn--li-sportsant-meb.com\/wp-content\/uploads\/2025\/01\/1730212387212-1024x600.jpg\" height=\"600\" width=\"1024\" alt=\"\" class=\"slider-244 slide-305\" title=\"1730212387212\" \/><\/li>\n                <li style=\"display: none; width: 100%;\" class=\"slide-306 ms-image \" aria-roledescription=\"slide\" aria-label=\"slide-306\"><img loading=\"lazy\" decoding=\"async\" src=\"https:\/\/xn--li-sportsant-meb.com\/wp-content\/uploads\/2025\/01\/1730212387256-1024x600.jpg\" height=\"600\" width=\"1024\" alt=\"\" class=\"slider-244 slide-306\" title=\"1730212387256\" \/><\/li>\n                <li style=\"display: none; width: 100%;\" class=\"slide-309 ms-image \" aria-roledescription=\"slide\" aria-label=\"slide-309\"><img loading=\"lazy\" decoding=\"async\" src=\"https:\/\/xn--li-sportsant-meb.com\/wp-content\/uploads\/2025\/01\/1730212387526-940x550.png\" height=\"600\" width=\"1024\" alt=\"\" class=\"slider-244 slide-309\" title=\"1730212387526\" \/><\/li>\n                <li style=\"display: none; width: 100%;\" class=\"slide-364 ms-image \" aria-roledescription=\"slide\" aria-label=\"slide-364\"><img loading=\"lazy\" decoding=\"async\" src=\"https:\/\/xn--li-sportsant-meb.com\/wp-content\/uploads\/2025\/05\/IMG_20250404_144303-1024x600.jpg\" height=\"600\" width=\"1024\" alt=\"\" class=\"slider-244 slide-364\" title=\"IMG_20250404_144303\" \/><\/li>\n                <li style=\"display: none; width: 100%;\" class=\"slide-246 ms-image \" aria-roledescription=\"slide\" aria-label=\"slide-246\"><img loading=\"lazy\" decoding=\"async\" src=\"https:\/\/xn--li-sportsant-meb.com\/wp-content\/uploads\/2024\/10\/1719516142177-edited-scaled-1024x600.jpg\" height=\"600\" width=\"1024\" alt=\"\" class=\"slider-244 slide-246\" title=\"1719516142177\" \/><\/li>\n                <li style=\"display: none; width: 100%;\" class=\"slide-365 ms-image \" aria-roledescription=\"slide\" aria-label=\"slide-365\"><img loading=\"lazy\" decoding=\"async\" src=\"https:\/\/xn--li-sportsant-meb.com\/wp-content\/uploads\/2025\/05\/IMG_20250509_151213-1024x600.jpg\" height=\"600\" width=\"1024\" alt=\"\" class=\"slider-244 slide-365\" title=\"IMG_20250509_151213\" \/><\/li>\n                <li style=\"display: none; width: 100%;\" class=\"slide-307 ms-image \" aria-roledescription=\"slide\" aria-label=\"slide-307\"><img loading=\"lazy\" decoding=\"async\" src=\"https:\/\/xn--li-sportsant-meb.com\/wp-content\/uploads\/2025\/01\/1730212387437-940x550.png\" height=\"600\" width=\"1024\" alt=\"\" class=\"slider-244 slide-307\" title=\"1730212387437\" \/><\/li>\n                <li style=\"display: none; width: 100%;\" class=\"slide-245 ms-image \" aria-roledescription=\"slide\" aria-label=\"slide-245\"><img loading=\"lazy\" decoding=\"async\" src=\"https:\/\/xn--li-sportsant-meb.com\/wp-content\/uploads\/2024\/10\/1730039386892-1024x600.jpg\" height=\"600\" width=\"1024\" alt=\"\" class=\"slider-244 slide-245\" title=\"1730039386892\" \/><\/li>\n                <li style=\"display: none; width: 100%;\" class=\"slide-308 ms-image \" aria-roledescription=\"slide\" aria-label=\"slide-308\"><img loading=\"lazy\" decoding=\"async\" src=\"https:\/\/xn--li-sportsant-meb.com\/wp-content\/uploads\/2025\/01\/1730212387482-940x550.png\" height=\"600\" width=\"1024\" alt=\"\" class=\"slider-244 slide-308\" title=\"1730212387482\" \/><\/li>\n            <\/ul>\n        <\/div>\n        \n    <\/div>\n<\/div><\/div>\n\n\n\n<p>Les bienfaits du sport en entreprise sont multiples. Il contribue \u00e0 r\u00e9duire le stress et l&rsquo;anxi\u00e9t\u00e9, favorisant ainsi un environnement de travail plus serein et productif. L&rsquo;activit\u00e9 physique r\u00e9guli\u00e8re am\u00e9liore la concentration, la cr\u00e9ativit\u00e9 et la performance globale des employ\u00e9s. De plus, elle aide \u00e0 pr\u00e9venir les probl\u00e8mes de sant\u00e9 li\u00e9s \u00e0 la s\u00e9dentarit\u00e9, comme les troubles musculo-squelettiques et les maladies cardiovasculaires.<\/p>\n\n\n\n<p>Je propose des s\u00e9ances de sport vari\u00e9es et adapt\u00e9es aux besoins de chaque entreprise, qu&rsquo;il s&rsquo;agisse de cours plus doux comme le stretching, la mobilit\u00e9 ou de la gym douce, ou \u00e9galement des s\u00e9ances plus physiques comme du circuit training, du renforcement musculaire, et des cours cardio.<\/p>\n\n\n\n<p>Outre le sport en entreprise, je propose \u00e9galement des sessions de sant\u00e9 en entreprise pour am\u00e9liorer le bien-\u00eatre de vos employ\u00e9s.&nbsp;<\/p>\n\n\n\n<p>Ces sessions incluent des \u00e9tirements au travail con\u00e7us pour pr\u00e9venir les douleurs et les tensions li\u00e9es \u00e0 une position assise prolong\u00e9e, ou d\u00fb au port de charge lourde.&nbsp;<\/p>\n\n\n\n<p>Je cible \u00e9galement la pr\u00e9vention des troubles musculo-squelettiques (TMS) en fournissant des exercices sp\u00e9cifiques et des conseils ergonomiques adapt\u00e9s \u00e0 chaque poste de travail. Investir dans la sant\u00e9 de vos collaborateurs, c&rsquo;est investir dans leur productivit\u00e9 et leur satisfaction au travail.<\/p>\n\n\n\n<p><strong>Les lieux d&rsquo;interventions : <\/strong>au sein de l&rsquo;entreprise, en ext\u00e9rieur, selon les pr\u00e9f\u00e9rences et disponibilit\u00e9s de l&rsquo;entreprise.<\/p>\n\n\n\n<p>J&rsquo;interviens dans le Bas-Rhin et en Lorraine, notamment \u00e0 Brumath, Haguenau, Strasbourg, Wissembourg, Saverne,  Phalsbourg et Sarrebourg,<\/p>\n","protected":false},"excerpt":{"rendered":"<p>Je propose des s\u00e9ances de sport en entreprise, une initiative qui apporte de nombreux avantages tant aux employ\u00e9s qu&rsquo;aux employeurs. Ces s\u00e9ances de sport sont con\u00e7ues pour am\u00e9liorer la sant\u00e9 physique et mentale des collaborateurs, tout en renfor\u00e7ant la coh\u00e9sion et la motivation au sein de l&rsquo;\u00e9quipe. Les bienfaits du sport en entreprise sont multiples. &hellip; <\/p>\n<p class=\"link-more\"><a href=\"https:\/\/xn--li-sportsant-meb.com\/index.php\/sport-en-entreprises\/\" class=\"more-link\">Continuer la lecture<span class=\"screen-reader-text\"> de &laquo;&nbsp;Sport en entreprise&nbsp;&raquo;<\/span><\/a><\/p>\n","protected":false},"author":1,"featured_media":0,"parent":0,"menu_order":0,"comment_status":"closed","ping_status":"closed","template":"","meta":{"footnotes":""},"class_list":["post-93","page","type-page","status-publish","hentry"],"yoast_head":"<!-- This site is optimized with the Yoast SEO plugin v23.0 - https:\/\/yoast.com\/wordpress\/plugins\/seo\/ -->\n<title>Sport en entreprise - Laurie Ingweiler<\/title>\n<meta name=\"robots\" content=\"index, follow, max-snippet:-1, max-image-preview:large, max-video-preview:-1\" \/>\n<link rel=\"canonical\" href=\"https:\/\/xn--li-sportsant-meb.com\/index.php\/sport-en-entreprises\/\" \/>\n<meta property=\"og:locale\" content=\"fr_FR\" \/>\n<meta property=\"og:type\" content=\"article\" \/>\n<meta property=\"og:title\" content=\"Sport en entreprise - Laurie Ingweiler\" \/>\n<meta property=\"og:description\" content=\"Je propose des s\u00e9ances de sport en entreprise, une initiative qui apporte de nombreux avantages tant aux employ\u00e9s qu&rsquo;aux employeurs. Ces s\u00e9ances de sport sont con\u00e7ues pour am\u00e9liorer la sant\u00e9 physique et mentale des collaborateurs, tout en renfor\u00e7ant la coh\u00e9sion et la motivation au sein de l&rsquo;\u00e9quipe. Les bienfaits du sport en entreprise sont multiples. &hellip; Continuer la lecture de &laquo;&nbsp;Sport en entreprise&nbsp;&raquo;\" \/>\n<meta property=\"og:url\" content=\"https:\/\/xn--li-sportsant-meb.com\/index.php\/sport-en-entreprises\/\" \/>\n<meta property=\"og:site_name\" content=\"Laurie Ingweiler\" \/>\n<meta property=\"article:publisher\" content=\"https:\/\/www.facebook.com\/IngweilerLaurie\/\" \/>\n<meta property=\"article:modified_time\" content=\"2025-01-16T10:15:44+00:00\" \/>\n<meta name=\"twitter:card\" content=\"summary_large_image\" \/>\n<meta name=\"twitter:label1\" content=\"Dur\u00e9e de lecture estim\u00e9e\" \/>\n\t<meta name=\"twitter:data1\" content=\"2 minutes\" \/>\n<script type=\"application\/ld+json\" class=\"yoast-schema-graph\">{\"@context\":\"https:\/\/schema.org\",\"@graph\":[{\"@type\":\"WebPage\",\"@id\":\"https:\/\/xn--li-sportsant-meb.com\/index.php\/sport-en-entreprises\/\",\"url\":\"https:\/\/xn--li-sportsant-meb.com\/index.php\/sport-en-entreprises\/\",\"name\":\"Sport en entreprise - Laurie Ingweiler\",\"isPartOf\":{\"@id\":\"https:\/\/xn--li-sportsant-meb.com\/#website\"},\"datePublished\":\"2024-08-01T19:46:55+00:00\",\"dateModified\":\"2025-01-16T10:15:44+00:00\",\"breadcrumb\":{\"@id\":\"https:\/\/xn--li-sportsant-meb.com\/index.php\/sport-en-entreprises\/#breadcrumb\"},\"inLanguage\":\"fr-FR\",\"potentialAction\":[{\"@type\":\"ReadAction\",\"target\":[\"https:\/\/xn--li-sportsant-meb.com\/index.php\/sport-en-entreprises\/\"]}]},{\"@type\":\"BreadcrumbList\",\"@id\":\"https:\/\/xn--li-sportsant-meb.com\/index.php\/sport-en-entreprises\/#breadcrumb\",\"itemListElement\":[{\"@type\":\"ListItem\",\"position\":1,\"name\":\"Accueil\",\"item\":\"https:\/\/xn--li-sportsant-meb.com\/\"},{\"@type\":\"ListItem\",\"position\":2,\"name\":\"Sport en entreprise\"}]},{\"@type\":\"WebSite\",\"@id\":\"https:\/\/xn--li-sportsant-meb.com\/#website\",\"url\":\"https:\/\/xn--li-sportsant-meb.com\/\",\"name\":\"LI Sport Sant\u00e9\",\"description\":\"COACH SPORTIVE, SPORT SANT\u00c9 &amp; VITALIT\u00c9\",\"publisher\":{\"@id\":\"https:\/\/xn--li-sportsant-meb.com\/#organization\"},\"alternateName\":\"Laurie Ingweiler Sport Sant\u00e9\",\"potentialAction\":[{\"@type\":\"SearchAction\",\"target\":{\"@type\":\"EntryPoint\",\"urlTemplate\":\"https:\/\/xn--li-sportsant-meb.com\/?s={search_term_string}\"},\"query-input\":\"required name=search_term_string\"}],\"inLanguage\":\"fr-FR\"},{\"@type\":\"Organization\",\"@id\":\"https:\/\/xn--li-sportsant-meb.com\/#organization\",\"name\":\"Laurie Ingweiler\",\"alternateName\":\"LI Sport Sant\u00e9\",\"url\":\"https:\/\/xn--li-sportsant-meb.com\/\",\"logo\":{\"@type\":\"ImageObject\",\"inLanguage\":\"fr-FR\",\"@id\":\"https:\/\/xn--li-sportsant-meb.com\/#\/schema\/logo\/image\/\",\"url\":\"https:\/\/xn--li-sportsant-meb.com\/wp-content\/uploads\/2024\/06\/Logo_Laurie_Ingweiler_Vert_1x.png\",\"contentUrl\":\"https:\/\/xn--li-sportsant-meb.com\/wp-content\/uploads\/2024\/06\/Logo_Laurie_Ingweiler_Vert_1x.png\",\"width\":310,\"height\":360,\"caption\":\"Laurie Ingweiler\"},\"image\":{\"@id\":\"https:\/\/xn--li-sportsant-meb.com\/#\/schema\/logo\/image\/\"},\"sameAs\":[\"https:\/\/www.facebook.com\/IngweilerLaurie\/\",\"https:\/\/www.instagram.com\/laurie.ingweiler\/\",\"https:\/\/www.linkedin.com\/in\/laurie-ingweiler-6b97a4243\/\"]}]}<\/script>\n<!-- \/ Yoast SEO plugin. -->","yoast_head_json":{"title":"Sport en entreprise - Laurie Ingweiler","robots":{"index":"index","follow":"follow","max-snippet":"max-snippet:-1","max-image-preview":"max-image-preview:large","max-video-preview":"max-video-preview:-1"},"canonical":"https:\/\/xn--li-sportsant-meb.com\/index.php\/sport-en-entreprises\/","og_locale":"fr_FR","og_type":"article","og_title":"Sport en entreprise - Laurie Ingweiler","og_description":"Je propose des s\u00e9ances de sport en entreprise, une initiative qui apporte de nombreux avantages tant aux employ\u00e9s qu&rsquo;aux employeurs. Ces s\u00e9ances de sport sont con\u00e7ues pour am\u00e9liorer la sant\u00e9 physique et mentale des collaborateurs, tout en renfor\u00e7ant la coh\u00e9sion et la motivation au sein de l&rsquo;\u00e9quipe. Les bienfaits du sport en entreprise sont multiples. &hellip; Continuer la lecture de &laquo;&nbsp;Sport en entreprise&nbsp;&raquo;","og_url":"https:\/\/xn--li-sportsant-meb.com\/index.php\/sport-en-entreprises\/","og_site_name":"Laurie Ingweiler","article_publisher":"https:\/\/www.facebook.com\/IngweilerLaurie\/","article_modified_time":"2025-01-16T10:15:44+00:00","twitter_card":"summary_large_image","twitter_misc":{"Dur\u00e9e de lecture estim\u00e9e":"2 minutes"},"schema":{"@context":"https:\/\/schema.org","@graph":[{"@type":"WebPage","@id":"https:\/\/xn--li-sportsant-meb.com\/index.php\/sport-en-entreprises\/","url":"https:\/\/xn--li-sportsant-meb.com\/index.php\/sport-en-entreprises\/","name":"Sport en entreprise - Laurie Ingweiler","isPartOf":{"@id":"https:\/\/xn--li-sportsant-meb.com\/#website"},"datePublished":"2024-08-01T19:46:55+00:00","dateModified":"2025-01-16T10:15:44+00:00","breadcrumb":{"@id":"https:\/\/xn--li-sportsant-meb.com\/index.php\/sport-en-entreprises\/#breadcrumb"},"inLanguage":"fr-FR","potentialAction":[{"@type":"ReadAction","target":["https:\/\/xn--li-sportsant-meb.com\/index.php\/sport-en-entreprises\/"]}]},{"@type":"BreadcrumbList","@id":"https:\/\/xn--li-sportsant-meb.com\/index.php\/sport-en-entreprises\/#breadcrumb","itemListElement":[{"@type":"ListItem","position":1,"name":"Accueil","item":"https:\/\/xn--li-sportsant-meb.com\/"},{"@type":"ListItem","position":2,"name":"Sport en entreprise"}]},{"@type":"WebSite","@id":"https:\/\/xn--li-sportsant-meb.com\/#website","url":"https:\/\/xn--li-sportsant-meb.com\/","name":"LI Sport Sant\u00e9","description":"COACH SPORTIVE, SPORT SANT\u00c9 &amp; VITALIT\u00c9","publisher":{"@id":"https:\/\/xn--li-sportsant-meb.com\/#organization"},"alternateName":"Laurie Ingweiler Sport Sant\u00e9","potentialAction":[{"@type":"SearchAction","target":{"@type":"EntryPoint","urlTemplate":"https:\/\/xn--li-sportsant-meb.com\/?s={search_term_string}"},"query-input":"required name=search_term_string"}],"inLanguage":"fr-FR"},{"@type":"Organization","@id":"https:\/\/xn--li-sportsant-meb.com\/#organization","name":"Laurie Ingweiler","alternateName":"LI Sport Sant\u00e9","url":"https:\/\/xn--li-sportsant-meb.com\/","logo":{"@type":"ImageObject","inLanguage":"fr-FR","@id":"https:\/\/xn--li-sportsant-meb.com\/#\/schema\/logo\/image\/","url":"https:\/\/xn--li-sportsant-meb.com\/wp-content\/uploads\/2024\/06\/Logo_Laurie_Ingweiler_Vert_1x.png","contentUrl":"https:\/\/xn--li-sportsant-meb.com\/wp-content\/uploads\/2024\/06\/Logo_Laurie_Ingweiler_Vert_1x.png","width":310,"height":360,"caption":"Laurie Ingweiler"},"image":{"@id":"https:\/\/xn--li-sportsant-meb.com\/#\/schema\/logo\/image\/"},"sameAs":["https:\/\/www.facebook.com\/IngweilerLaurie\/","https:\/\/www.instagram.com\/laurie.ingweiler\/","https:\/\/www.linkedin.com\/in\/laurie-ingweiler-6b97a4243\/"]}]}},"_links":{"self":[{"href":"https:\/\/xn--li-sportsant-meb.com\/index.php\/wp-json\/wp\/v2\/pages\/93","targetHints":{"allow":["GET"]}}],"collection":[{"href":"https:\/\/xn--li-sportsant-meb.com\/index.php\/wp-json\/wp\/v2\/pages"}],"about":[{"href":"https:\/\/xn--li-sportsant-meb.com\/index.php\/wp-json\/wp\/v2\/types\/page"}],"author":[{"embeddable":true,"href":"https:\/\/xn--li-sportsant-meb.com\/index.php\/wp-json\/wp\/v2\/users\/1"}],"replies":[{"embeddable":true,"href":"https:\/\/xn--li-sportsant-meb.com\/index.php\/wp-json\/wp\/v2\/comments?post=93"}],"version-history":[{"count":7,"href":"https:\/\/xn--li-sportsant-meb.com\/index.php\/wp-json\/wp\/v2\/pages\/93\/revisions"}],"predecessor-version":[{"id":315,"href":"https:\/\/xn--li-sportsant-meb.com\/index.php\/wp-json\/wp\/v2\/pages\/93\/revisions\/315"}],"wp:attachment":[{"href":"https:\/\/xn--li-sportsant-meb.com\/index.php\/wp-json\/wp\/v2\/media?parent=93"}],"curies":[{"name":"wp","href":"https:\/\/api.w.org\/{rel}","templated":true}]}}